{"id":78,"date":"2024-08-07T03:03:47","date_gmt":"2024-08-07T03:03:47","guid":{"rendered":"http:\/\/practicas.fi.ubiobio.cl\/?page_id=78"},"modified":"2026-04-23T10:32:27","modified_gmt":"2026-04-23T14:32:27","slug":"quienes-somos","status":"publish","type":"page","link":"http:\/\/practicas.fi.ubiobio.cl\/index.php\/quienes-somos\/","title":{"rendered":"Nosotros"},"content":{"rendered":"\n<div class=\"wp-block-columns is-layout-flex wp-container-core-columns-is-layout-9d6595d7 wp-block-columns-is-layout-flex\">\n<div class=\"wp-block-column is-layout-flow wp-block-column-is-layout-flow\" style=\"flex-basis:25%\"><\/div>\n\n\n\n<div class=\"wp-block-column is-layout-flow wp-block-column-is-layout-flow\" style=\"flex-basis:50%\">\n<figure class=\"wp-block-image size-large\"><img loading=\"lazy\" decoding=\"async\" width=\"1110\" height=\"540\" src=\"http:\/\/practicas.fi.ubiobio.cl\/wp-content\/uploads\/2024\/10\/Practica-Color-1-1110x540.png\" alt=\"\" class=\"wp-image-393\" srcset=\"http:\/\/practicas.fi.ubiobio.cl\/wp-content\/uploads\/2024\/10\/Practica-Color-1-1110x540.png 1110w, http:\/\/practicas.fi.ubiobio.cl\/wp-content\/uploads\/2024\/10\/Practica-Color-1-616x300.png 616w, http:\/\/practicas.fi.ubiobio.cl\/wp-content\/uploads\/2024\/10\/Practica-Color-1-768x374.png 768w, http:\/\/practicas.fi.ubiobio.cl\/wp-content\/uploads\/2024\/10\/Practica-Color-1-1536x747.png 1536w, http:\/\/practicas.fi.ubiobio.cl\/wp-content\/uploads\/2024\/10\/Practica-Color-1.png 1909w\" sizes=\"auto, (max-width: 1110px) 100vw, 1110px\" \/><\/figure>\n<\/div>\n\n\n\n<div class=\"wp-block-column is-layout-flow wp-block-column-is-layout-flow\" style=\"flex-basis:25%\"><\/div>\n<\/div>\n\n\n\n<h2 class=\"wp-block-heading\"><strong>Objetivo General<\/strong><\/h2>\n\n\n\n<p>Fortalecer el v\u00ednculo de nuestra Facultad de Ingenier\u00eda con el medio externo mediante alianzas estrat\u00e9gicas y de colaboraci\u00f3n, incorporando elementos que favorezcan la formaci\u00f3n de nuestros estudiantes y su inserci\u00f3n en el \u00e1mbito laboral.<\/p>\n\n\n\n<h2 class=\"wp-block-heading\"><strong>Objetivos Espec\u00edficos<\/strong><\/h2>\n\n\n\n<p>1. Gestionar plazas en el \u00e1mbito industrial y de servicio, a nivel p\u00fablico y privado para la realizaci\u00f3n de pr\u00e1cticas intermedias y profesionales de los estudiantes de las carreras de la Facultad de Ingenier\u00eda.<\/p>\n\n\n\n<p>2. Implementar un Programa de Inserci\u00f3n Laboral para las y los estudiantes de las carreras de la Facultad de Ingenier\u00eda.<\/p>\n\n\n\n<p>3. Sistematizar la informaci\u00f3n generada desde los procesos de evaluaci\u00f3n de pr\u00e1cticas, permitiendo una visi\u00f3n de mejora continua a los planes de estudios.<\/p>\n\n\n\n<p>4. Disponer de una plataforma digital para la operaci\u00f3n de la&nbsp;<strong>Unidad de Pr\u00e1cticas Profesionales<\/strong>&nbsp;de la Facultad de Ingenier\u00eda.<\/p>\n\n\n\n<p><\/p>\n\n\n\n<h2 class=\"wp-block-heading\"><strong>Equipo de Trabajo<\/strong><\/h2>\n\n\n\n<div class=\"wp-block-columns is-layout-flex wp-container-core-columns-is-layout-9d6595d7 wp-block-columns-is-layout-flex\">\n<div class=\"wp-block-column is-layout-flow wp-block-column-is-layout-flow\"><\/div>\n\n\n\n<div class=\"wp-block-column is-layout-flow wp-block-column-is-layout-flow\">\n<div class=\"wp-block-columns is-layout-flex wp-container-core-columns-is-layout-9d6595d7 wp-block-columns-is-layout-flex\">\n<div class=\"wp-block-column is-layout-flow wp-block-column-is-layout-flow\" style=\"flex-basis:25%\"><\/div>\n\n\n\n<div class=\"wp-block-column is-layout-flow wp-block-column-is-layout-flow\" style=\"flex-basis:50%\">\n<figure class=\"wp-block-image size-large is-style-rounded\"><img loading=\"lazy\" decoding=\"async\" width=\"1110\" height=\"740\" src=\"http:\/\/practicas.fi.ubiobio.cl\/wp-content\/uploads\/2022\/10\/02-1110x740.png\" alt=\"\" class=\"wp-image-53\" style=\"aspect-ratio:1;object-fit:cover\" srcset=\"http:\/\/practicas.fi.ubiobio.cl\/wp-content\/uploads\/2022\/10\/02-1110x740.png 1110w, http:\/\/practicas.fi.ubiobio.cl\/wp-content\/uploads\/2022\/10\/02-450x300.png 450w, http:\/\/practicas.fi.ubiobio.cl\/wp-content\/uploads\/2022\/10\/02-768x512.png 768w, http:\/\/practicas.fi.ubiobio.cl\/wp-content\/uploads\/2022\/10\/02-1536x1024.png 1536w, http:\/\/practicas.fi.ubiobio.cl\/wp-content\/uploads\/2022\/10\/02.png 1920w\" sizes=\"auto, (max-width: 1110px) 100vw, 1110px\" \/><\/figure>\n<\/div>\n\n\n\n<div class=\"wp-block-column is-layout-flow wp-block-column-is-layout-flow\" style=\"flex-basis:25%\"><\/div>\n<\/div>\n\n\n\n<h2 class=\"wp-block-heading has-text-align-center\"><strong>Carlos Bizama Fica<\/strong><\/h2>\n\n\n\n<p class=\"has-text-align-center\"><strong>Encargado Unidad de Pr\u00e1cticas Profesionales<\/strong><br>Ingeniero <\/p>\n\n\n\n<p class=\"has-text-align-center\">+56 41 311 1953<\/p>\n\n\n\n<p class=\"has-text-align-center\"><a href=\"mailto:practicasfi@ubiobio.cl\">practicasfi@ubiobio.cl<\/a><\/p>\n\n\n\n<p class=\"has-text-align-center\"><\/p>\n<\/div>\n\n\n\n<div class=\"wp-block-column is-layout-flow wp-block-column-is-layout-flow\"><\/div>\n<\/div>\n\n\n\n<p><\/p>\n\n\n\n<h2 class=\"wp-block-heading\"><strong>Ubicaci\u00f3n<\/strong><\/h2>\n\n\n\n<iframe src=\"https:\/\/www.google.com\/maps\/embed?pb=!1m18!1m12!1m3!1d987.8822664252309!2d-73.0139622665508!3d-36.82180772370139!2m3!1f0!2f0!3f0!3m2!1i1024!2i768!4f13.1!3m3!1m2!1s0x9669b419001b1b1d%3A0x4dbb398509d2f309!2sEdificio%20Gantes%2C%20Facultad%20de%20Ingenier%C3%ADa%20UBB!5e1!3m2!1ses-419!2scl!4v1729088810534!5m2!1ses-419!2scl\" width=\"100%\" height=\"450\" style=\"border:0;\" allowfullscreen=\"\" loading=\"lazy\" referrerpolicy=\"no-referrer-when-downgrade\"><\/iframe>\n","protected":false},"excerpt":{"rendered":"<p>Objetivo General Fortalecer el v\u00ednculo de nuestra Facultad de Ingenier\u00eda con el medio externo mediante alianzas estrat\u00e9gicas y de colaboraci\u00f3n, incorporando elementos que favorezcan la formaci\u00f3n de nuestros estudiantes y su inserci\u00f3n en el \u00e1mbito laboral. Objetivos Espec\u00edficos 1. Gestionar plazas en el \u00e1mbito industrial y de servicio, a nivel p\u00fablico y privado para la [&hellip;]<\/p>\n","protected":false},"author":1,"featured_media":0,"parent":0,"menu_order":0,"comment_status":"closed","ping_status":"closed","template":"","meta":{"footnotes":""},"class_list":["post-78","page","type-page","status-publish","hentry"],"_links":{"self":[{"href":"http:\/\/practicas.fi.ubiobio.cl\/index.php\/wp-json\/wp\/v2\/pages\/78","targetHints":{"allow":["GET"]}}],"collection":[{"href":"http:\/\/practicas.fi.ubiobio.cl\/index.php\/wp-json\/wp\/v2\/pages"}],"about":[{"href":"http:\/\/practicas.fi.ubiobio.cl\/index.php\/wp-json\/wp\/v2\/types\/page"}],"author":[{"embeddable":true,"href":"http:\/\/practicas.fi.ubiobio.cl\/index.php\/wp-json\/wp\/v2\/users\/1"}],"replies":[{"embeddable":true,"href":"http:\/\/practicas.fi.ubiobio.cl\/index.php\/wp-json\/wp\/v2\/comments?post=78"}],"version-history":[{"count":56,"href":"http:\/\/practicas.fi.ubiobio.cl\/index.php\/wp-json\/wp\/v2\/pages\/78\/revisions"}],"predecessor-version":[{"id":1674,"href":"http:\/\/practicas.fi.ubiobio.cl\/index.php\/wp-json\/wp\/v2\/pages\/78\/revisions\/1674"}],"wp:attachment":[{"href":"http:\/\/practicas.fi.ubiobio.cl\/index.php\/wp-json\/wp\/v2\/media?parent=78"}],"curies":[{"name":"wp","href":"https:\/\/api.w.org\/{rel}","templated":true}]}}

<div class="wp-block-columns is-layout-flex wp-container-core-columns-is-layout-9d6595d7 wp-block-columns-is-layout-flex">
<div class="wp-block-column is-layout-flow wp-block-column-is-layout-flow" style="flex-basis:25%"></div>



<div class="wp-block-column is-layout-flow wp-block-column-is-layout-flow" style="flex-basis:50%">
<figure class="wp-block-image size-large"><img loading="lazy" decoding="async" width="1110" height="540" src="http://practicas.fi.ubiobio.cl/wp-content/uploads/2024/10/Practica-Color-1-1110x540.png" alt="" class="wp-image-393" srcset="http://practicas.fi.ubiobio.cl/wp-content/uploads/2024/10/Practica-Color-1-1110x540.png 1110w, http://practicas.fi.ubiobio.cl/wp-content/uploads/2024/10/Practica-Color-1-616x300.png 616w, http://practicas.fi.ubiobio.cl/wp-content/uploads/2024/10/Practica-Color-1-768x374.png 768w, http://practicas.fi.ubiobio.cl/wp-content/uploads/2024/10/Practica-Color-1-1536x747.png 1536w, http://practicas.fi.ubiobio.cl/wp-content/uploads/2024/10/Practica-Color-1.png 1909w" sizes="auto, (max-width: 1110px) 100vw, 1110px" /></figure>
</div>



<div class="wp-block-column is-layout-flow wp-block-column-is-layout-flow" style="flex-basis:25%"></div>
</div>



<h2 class="wp-block-heading"><strong>Objetivo General</strong></h2>



<p>Fortalecer el vínculo de nuestra Facultad de Ingeniería con el medio externo mediante alianzas estratégicas y de colaboración, incorporando elementos que favorezcan la formación de nuestros estudiantes y su inserción en el ámbito laboral.</p>



<h2 class="wp-block-heading"><strong>Objetivos Específicos</strong></h2>



<p>1. Gestionar plazas en el ámbito industrial y de servicio, a nivel público y privado para la realización de prácticas intermedias y profesionales de los estudiantes de las carreras de la Facultad de Ingeniería.</p>



<p>2. Implementar un Programa de Inserción Laboral para las y los estudiantes de las carreras de la Facultad de Ingeniería.</p>



<p>3. Sistematizar la información generada desde los procesos de evaluación de prácticas, permitiendo una visión de mejora continua a los planes de estudios.</p>



<p>4. Disponer de una plataforma digital para la operación de la&nbsp;<strong>Unidad de Prácticas Profesionales</strong>&nbsp;de la Facultad de Ingeniería.</p>



<p></p>



<h2 class="wp-block-heading"><strong>Equipo de Trabajo</strong></h2>



<div class="wp-block-columns is-layout-flex wp-container-core-columns-is-layout-9d6595d7 wp-block-columns-is-layout-flex">
<div class="wp-block-column is-layout-flow wp-block-column-is-layout-flow"></div>



<div class="wp-block-column is-layout-flow wp-block-column-is-layout-flow">
<div class="wp-block-columns is-layout-flex wp-container-core-columns-is-layout-9d6595d7 wp-block-columns-is-layout-flex">
<div class="wp-block-column is-layout-flow wp-block-column-is-layout-flow" style="flex-basis:25%"></div>



<div class="wp-block-column is-layout-flow wp-block-column-is-layout-flow" style="flex-basis:50%">
<figure class="wp-block-image size-large is-style-rounded"><img loading="lazy" decoding="async" width="1110" height="740" src="http://practicas.fi.ubiobio.cl/wp-content/uploads/2022/10/02-1110x740.png" alt="" class="wp-image-53" style="aspect-ratio:1;object-fit:cover" srcset="http://practicas.fi.ubiobio.cl/wp-content/uploads/2022/10/02-1110x740.png 1110w, http://practicas.fi.ubiobio.cl/wp-content/uploads/2022/10/02-450x300.png 450w, http://practicas.fi.ubiobio.cl/wp-content/uploads/2022/10/02-768x512.png 768w, http://practicas.fi.ubiobio.cl/wp-content/uploads/2022/10/02-1536x1024.png 1536w, http://practicas.fi.ubiobio.cl/wp-content/uploads/2022/10/02.png 1920w" sizes="auto, (max-width: 1110px) 100vw, 1110px" /></figure>
</div>



<div class="wp-block-column is-layout-flow wp-block-column-is-layout-flow" style="flex-basis:25%"></div>
</div>



<h2 class="wp-block-heading has-text-align-center"><strong>Carlos Bizama Fica</strong></h2>



<p class="has-text-align-center"><strong>Encargado Unidad de Prácticas Profesionales</strong><br>Ingeniero </p>



<p class="has-text-align-center">+56 41 311 1953</p>



<p class="has-text-align-center"><a href="mailto:practicasfi@ubiobio.cl">practicasfi@ubiobio.cl</a></p>



<p class="has-text-align-center"></p>
</div>



<div class="wp-block-column is-layout-flow wp-block-column-is-layout-flow"></div>
</div>



<p></p>



<h2 class="wp-block-heading"><strong>Ubicación</strong></h2>



<iframe src="https://www.google.com/maps/embed?pb=!1m18!1m12!1m3!1d987.8822664252309!2d-73.0139622665508!3d-36.82180772370139!2m3!1f0!2f0!3f0!3m2!1i1024!2i768!4f13.1!3m3!1m2!1s0x9669b419001b1b1d%3A0x4dbb398509d2f309!2sEdificio%20Gantes%2C%20Facultad%20de%20Ingenier%C3%ADa%20UBB!5e1!3m2!1ses-419!2scl!4v1729088810534!5m2!1ses-419!2scl" width="100%" height="450" style="border:0;" allowfullscreen="" loading="lazy" referrerpolicy="no-referrer-when-downgrade"></iframe>

<p>Objetivo General Fortalecer el vínculo de nuestra Facultad de Ingeniería con el medio externo mediante alianzas estratégicas y de colaboración, incorporando elementos que favorezcan la formación de nuestros estudiantes y su inserción en el ámbito laboral. Objetivos Específicos 1. Gestionar plazas en el ámbito industrial y de servicio, a nivel público y privado para la [&hellip;]</p>
